me factors of j?
2, 11
Let z(w) = 2*w**3 + w - 1. Suppose -4*y + 21 = 3*y. List the prime factors of z(y).
2, 7
Suppose -3*c = 3*c - 3072. What are the prime factors of c?
2
Let y = -63 + 88. Let f = y + 111. Let d = f - 96. What are the prime factors of d?
2, 5
Let l(j) = -j**3 - 5*j**2 + 8*j + 7. Let z be l(-6). Let d = z + 25. What are the prime factors of d?
2, 5
Let i(o) = 12*o**2 + 21*o + 2. List the prime factors of i(-2).
2
Let o be ((-4)/(-2))/(10/655). Let a = 197 - o. What are the prime factors of a?
2, 3, 11
Let f(u) = 2*u**2 - 21*u - 7. Let j be f(11). Let b = 28 - j. List the prime factors of b.
2, 3
Suppose 2*i = -3*i - 5. Let w be (-70)/(-21) - i/(-3). Suppose 0 = 4*l + 3*h - 133, 2*l - w*l + 27 = 2*h. What are the prime factors of l?
37
Suppose 0*c + 7*c = 63. Let u(o) = 2*o**3 - 17*o**2 + 10*o - 2. What are the prime factors of u(c)?
13
Let t(c) = -c**3 - 6*c**2 + 6*c - 7. Let p be 4/6*147/(-14). Let h be t(p). Suppose -2*i + 29 + 1 = h. What are the prime factors of i?
3, 5
Let g(v) = -v**2 + 12*v + 8. Let m = 36 - 20. Suppose 0 = 2*h - 4*i - m, -13 = -h - 4*i + 1. List the prime factors of g(h).
2, 7
Suppose 4*h - 8 = 4. Suppose 2*p = -h*q - q + 88, -5*p = -4*q - 150. Suppose 2*x - 7*x - 5*a = -145, -p = -2*x + 4*a. What are the prime factors of x?
5
Let y = 37 - 52. Let u be 2/(-3) - (-155)/y. Let k = u + 64. What are the prime factors of k?
53
Suppose 0 = 4*f + 2*o + 2, 0*f - 4*f + o = -1. Suppose -4*g - 2*r + 52 = f, 2*g - 5*r - 38 = -0*g. List the prime factors of g.
2, 7
Let o(g) be the second derivative of g**4/12 + g**3 - 3*g**2/2 - 4*g. Let l be o(-7). Suppose 19 = y - l. What are the prime factors of y?
23
Let q = 22 - 18. Suppose -q*h - 5*v + 29 + 20 = 0, 0 = 5*h - v - 25. List the prime factors of h.
2, 3
Let z = -267 - -402. Let p = 199 - z. List the prime factors of p.
2
Let x(b) = -b - 5. Let p be x(-5). Suppose 1 = 5*q - 3*n + 21, 4*q - n + 23 = p. What are the prime factors of (q - -3)*-1*9?
2, 3
Let a(r) = r**2 + r + 15. Let s be a(0). Let c be (-3 + 1)/((-6)/s). Suppose -3*u = -c*h + 125, u = -u. List the prime factors of h.
5
Let r = 16 - 10. Let j(v) = 7*v**3 - 3*v**2 - 4*v + 4. Let k(d) = -6*d**3 + 2*d**2 + 3*d - 3. Let z(y) = r*k(y) + 5*j(y). What are the prime factors of z(-3)?
2
Suppose j + 1 = -2*z - 0, j = -1. Let f = 26 - z. Suppose -h + 5*v = -f, 17 = -2*h + 5*v + 94. List the prime factors of h.
3, 17
Let n(m) = -2*m**2 + 33*m - 11. Let a(g) = -g**2 + 16*g - 6. Let h(r) = -13*a(r) + 6*n(r). What are the prime factors of h(12)?
2, 3
Let j be (-2)/10 + (54/(-30))/(-9). Suppose j = 9*n + 187 - 844. What are the prime factors of n?
73
Let r = 19 + 18. List the prime factors of r.
37
Let s(p) = 18*p + 50. What are the prime factors of s(8)?
2, 97
Let c(g) = g**3 + 8*g**2 + 2*g - 6. Suppose -2*a + 4*w = 2*w + 6, 4*a = 5*w - 9. List the prime factors of c(a).
2, 3
Let c(t) = 8*t + 1. Let h be c(5). Suppose -r + 40 = -h. What are the prime factors of r?
3
Suppose -x + 246 = 2*z - 68, 4*x + z - 1228 = 0. Suppose 16*n - x = 13*n. List the prime factors of n.
2, 3, 17
Suppose -10 = -5*q - 2*r, 0 = -5*q - r - 1 + 16. What are the prime factors of (-112 - -2 - 0)*(-2)/q?
5, 11
Suppose -3*k + 5*w = 4*w - 37, 0 = 5*k + 4*w - 73. Let n be 20/30 + k/3. Suppose r + 3*l = 5*r - 141, -r - n*l = -41. What are the prime factors of r?
2, 3
Let h be ((-406)/(-6) + -3)/(12/(-90)). Let t = -204 - h. What are the prime factors of t?
281
Suppose 11 = 2*y - 3. Suppose -y*f + 87 = -3*f + 3*d, 4*d - 74 = -3*f. List the prime factors of f.
2, 3
Suppose -6*q - 9 = -45. List the prime factors of 61 + q*10/15.
5, 13
Let m(d) = 21*d**2 + 135*d**2 - 1 + 3*d**2 + 55*d**2 - d. What are the prime factors of m(-1)?
2, 107
Suppose -3*v - b - 621 = -7*v, v = 2*b + 164. List the prime factors of v.
2, 7, 11
Let d(k) = 25*k - 9. Let l be d(4). Let a = l - 61. List the prime factors of a.
2, 3, 5
Let x = -1028 - -2950. What are the prime factors of x?
2, 31
Suppose -5*x - 4 = k, -2*k - 2 = x - 3*k. List the prime factors of ((-6)/1)/((-2)/(-22))*x.
2, 3, 11
Suppose -2*q - 142 = -5*a + 36, 3*a + 304 = -4*q. Let f = -45 - q. List the prime factors of f.
2, 17
Suppose 4*k + 4*t + 15 = 3*k, -10 = 2*t. Suppose 3 = k*p - 12. Suppose -7 + 73 = p*q. List the prime factors of q.
2, 11
What are the prime factors of (-2942)/(-8) - (-4)/16?
2, 23
Suppose 344*i + 70800 = 360*i. What are the prime factors of i?
3, 5, 59
Suppose -3*r = -r - 518. Suppose -3*l - 76 = -r. What are the prime factors of l?
61
Suppose 0 = -4*a + 4*d + 36, a = 3*d + 1 + 2. Let k = a - 12. Suppose 4*c - 3*v + v - 174 = k, 195 = 4*c + 5*v. What are the prime factors of c?
3, 5
Let l = 31 + -54. Let s = l + 40. What are the prime factors of s?
17
Let b = 22 + -22. Suppose 8*x - 4*x - 516 = b. What are the prime factors of x?
3, 43
Let s(k) = -k + 22. Let p be s(0). Suppose p = 4*c - 26. List the prime factors of ((-8)/c)/(4/(-174)).
29
Suppose -s - 4*s = 5*b - 600, -4*b + 244 = 2*s. What are the prime factors of s?
2, 59
Suppose 0 = -9*l + 6*l + 393. Suppose -8*q + l = -957. List the prime factors of q.
2, 17
Suppose -60 = -17*r + 13*r. Suppose -r*v - 717 + 1857 = 0. What are the prime factors of v?
2, 19
Suppose 4567*b = 4561*b + 14508. What are the prime factors of b?
2, 3, 13, 31
Let q(i) = 179*i**2 - 7*i + 8. Suppose -4*t = -3*t - 5*s + 4, s - 3 = -2*t. List the prime factors of q(t).
2, 3, 5
Let k(r) = -20*r**3 + 5*r**2 - 4. Let x(s) = s**3 - s**2 + s. Let j(p) = -k(p) - 4*x(p). What are the prime factors of j(2)?
2, 3, 5
Suppose 0 = -48*s + 13795 + 7037. List the prime factors of s.
2, 7, 31
Suppose 0 = -3*q - 5*t + 262, 2*t + 306 = -q + 5*q. Let p = 33 + q. List the prime factors of p.
2, 7
Let b = 56 - 50. Suppose b*h - 309 - 63 = 0. What are the prime factors of h?
2, 31
Let o = -194 - -489. List the prime factors of o.
5, 59
Let y be (6/(-12))/((-2)/(-240)). Let z be (-8)/y + (-58)/(-15). Suppose -a - q + 5*q = -44, -z*q - 140 = -4*a. What are the prime factors of a?
2
Suppose 2*w + 542 = 2*a, 651 = 2*a + 5*w + 95. List the prime factors of a.
3, 7, 13
Let p be (-16)/72 - 2/(-9). Suppose -9*c + c + 800 = p. List the prime factors of c.
2, 5
Suppose -3*y = -3*j + 12 + 3, -y = 5*j - 7. Let b(w) = -23*w - 1. Let k be b(y). Let z = k + -4. What are the prime factors of z?
2
Let o = -16 + 16. Suppose 4*r + r - 3*h - 31 = o, h - 11 = -r. Suppose m = -3*p + 38, -5*m + 2*p + 164 = r. What are the prime factors of m?
2
Let w(l) = l**2 - 2*l + 9. Suppose 4*d = 22 + 2. List the prime factors of w(d).
3, 11
Suppose 1892 + 160 = 18*d. What are the prime factors of d?
2, 3, 19
Let a(q) = 89*q + 9. Let w(f) = -1245*f - 125. Let h(o) = -55*a(o) - 4*w(o). List the prime factors of h(2).
5, 7
Let o(v) = 6*v**2 - 84*v + 207. List the prime factors of o(33).
3, 7
Suppose -f = -371 - 413. What are the prime factors of f?
2, 7
Let z be ((-16)/(-3))/(-1*(-4)/(-24)). List the prime factors of 2/(-5)*4880/z.
61
Suppose -6*v + 8*v - 1140 = -x, -3*x + 4*v = -3380. What are the prime factors of x?
2, 283
Let b = -101 + 149. Suppose -b = m - 3*m. Suppose 0 = h + 3*y - m, -3*y - y = 5*h - 65. What are the prime factors of h?
3
Let l be 3/1*2/3. Suppose -5*q - 7 + 2 = 0, 4*m - l*q = 242. What are the prime factors of m?
2, 3, 5
Suppose -b = -0*b. Suppose 4*p + b = 16. Suppose p*f = f + 123. List the prime factors of f.
41
Suppose i = -1, -2*i + 0 = 3*p + 2. Suppose 4 = 2*l - p. Suppose 3*u = -5*q + 148 + 152, 119 = l*q + u. List the prime factors of q.
3, 19
Suppose 16*b - 11*b = -5*x + 1390, -2*x = -5*b + 1362. What are the prime factors of b?
2, 137
Suppose q - 2*q = -3. What are the prime factors of (q/(-2))/(8/(-272))?
3, 17
Let x = 6 - 11. Let s be ((-4)/x)/((-3)/(-15)). Suppose 0 = 5*b - g - 43, -s*b + 0*g + 29 = g. What are the prime factors of b?
2
Let j(k) = -k**3 + 7*k**2 + 10*k + 8. Let n be j(9). Let i be n - (0/(-3) + -4). Let o = -34 - i. What are the prime factors of o?
2, 13
Let m = 47 - 42. Suppose 4*v - 868 = -4*f, 0 = -0*v + m*v - 4*f - 1067. List the prime factors of v.
5, 43
Suppose -12*c = -7*c. Suppose c*l + l - 123 = 0. List the prime factors of l.
3, 41
Let z(k) = -8*k**3 - 3*k**2 + 2*k. Let i(u) = -3*u**3 + 2*u + 1. Let h be i(-1). Let q be z(h). List the prime factors of